vided by z*(-12)/(-8)*2/3.
8
Let x(o) = 80*o + 8532. What is the remainder when x(-88) is divided by 107?
101
Let h(f) = -27*f - 214. Let a(o) = -268*o + 2. Let y be a(-1). Suppose 80 = j + m, -3*j + 2*m = -m - y. What is the remainder when j is divided by h(-9)?
27
Let j(s) = 2*s + 13. Let p be j(12). Suppose -3*l - 29 = -224. Let m = l - p. What is the remainder when 82 is divided by m?
26
Suppose -3*z + k = -z - 68, z + 5*k - 56 = 0. Suppose -z = -7*w + 559. What is the remainder when w is divided by 13?
7
Suppose 112*z - 133*z + 22617 = 0. Calculate the remainder when z is divided by 350.
27
Suppose -12*f = 7*f - 171. Suppose 8*l = -f*l + 340. Calculate the remainder when (1*-1)/(2/(-54)) is divided by l.
7
Suppose 5*k - 193 = -3*u, 7*u - 4*u = k + 217. What is the remainder when 230 is divided by u?
17
Let h be -90*(-8)/(80/5). Calculate the remainder when 40 is divided by h*6/(-63)*-7.
10
Let p be (-579)/(-2)*(-23)/(483/(-14)). Let w = -126 + p. Calculate the remainder when 936 is divided by w.
65
Suppose 0 = 3*t - 14*u - 434, 5*t + 5*u + 479 = 8*t. Calculate the remainder when 10413 is divided by t.
165
Suppose 4*n = u + 2*u - 1397, -5*u + 2300 = -n. What is the remainder when u is divided by 66?
63
Calculate the remainder when 112 is divided by -25*(((-8)/(-10))/(-2) - 4).
2
Suppose -40 = -94*x + 430. Calculate the remainder when 212 is divided by x.
2
Suppose -2*l = -s - 271, -5*s - 665 = -5*l + 15. Suppose 5*w - 3*w + v = l, -340 = -5*w - 2*v. Calculate the remainder when w is divided by 12.
10
Let m = -7815 - -7890. Calculate the remainder when 218 is divided by m.
68
Let s be ((-40)/(-25))/(1/(-60)). Let j = s + 98. Suppose 6*r + 4*l - 20 = 4*r, -3*r + 46 = -j*l. Calculate the remainder when r is divided by 8.
6
Calculate the remainder when 228 is divided by (-5 + 39)/((-8)/(-20)).
58
Let h = 1688 - 1445. What is the remainder when h is divided by 39?
9
Let d(l) = 74*l**2 + 1168*l + 1167. What is the remainder when 5802/21 + (-2)/7 is divided by d(-1)?
57
Let s(a) = -4*a + 191. What is the remainder when 7045 is divided by s(41)?
25
Let w(q) = -3 + 1 + 1 - 7*q. Calculate the remainder when (2/(-5))/(12/(-2520)*6) is divided by w(-1).
2
Let q = -10876 - -10981. Calculate the remainder when 944 is divided by q.
104
Suppose 7*t - 1477 = -11*t - 55. Calculate the remainder when 465 is divided by t.
70
Let l(j) = -j**2 + 19*j - 34. Let w be l(25). Let b = w - -197. Suppose -4*f + 149 = -o, -5*f - 83 + 276 = o. Calculate the remainder when f is divided by b.
12
Suppose -d + 0 = 9. Let i be (3/2)/(d/(-48)). Suppose 0 = i*f - 139 - 125. What is the remainder when 129 is divided by f?
30
Suppose -2*y + 6 = 0, y - 6*y + 300 = 5*f. Let a = 12359 - 12019. What is the remainder when a is divided by f?
55
Suppose 14*z = 10*z + 16. Suppose -z*j = -3*j. What is the remainder when 45*(j - (-18)/15) is divided by 11?
10
Suppose -11*w + 6*w + 5*s = -3880, 0 = -3*w - s + 2340. Calculate the remainder when w is divided by 4.
3
Let q = 7194 - 7171. What is the remainder when 412 is divided by q?
21
Let b = 36659 + -36597. What is the remainder when 691 is divided by b?
9
Suppose 10 = 2*a, -2*t + 185 = -0*a - 3*a. Suppose t = c + 4. Calculate the remainder when c is divided by 11.
8
Let d = -511 + 534. What is the remainder when 76 is divided by d?
7
Let q be ((-42)/(-9))/((-8)/(-36)). Let r = q - 5. What is the remainder when 43 is divided by r?
11
Let x be (-2 - -1)*(8 + -3). Let w(l) = 29*l - 192. What is the remainder when w(9) is divided by 2/x*(-89 + -1)?
33
What is the remainder when 6/(-27*(-7)/48762) is divided by 156?
144
Let o = 319 + 351. Calculate the remainder when o is divided by 12.
10
Let n(w) = -w**2 + 69. Suppose 0 = -a - 1, 5*c + 5 - 9 = 4*a. Suppose -47 = -3*h + 25. Calculate the remainder when n(c) is divided by h.
21
Let f = 285 + -194. Suppose -n + 13*n - 16 = 212. What is the remainder when f is divided by n?
15
Let l(h) = -h**3 - 16*h**2 - 10*h - 336. Suppose 247 = -3*o - 2*o + j, -4*o - 204 = -4*j. Calculate the remainder when l(-17) is divided by 8/(-14) + (-2086)/o.
39
Let k(r) = -r**2 + 14*r + 31. Let b = -597 - -611. Calculate the remainder when 144 is divided by k(b).
20
Let c(b) = b**2 + 15*b - 160. What is the remainder when 4702 is divided by c(9)?
54
Let n = 414 - 404. What is the remainder when (-12)/n*237*(-40)/72 is divided by 71?
16
Let d = -457 - -456. What is the remainder when (-2155)/15*(d - 2) is divided by 27?
26
Suppose -452 = -4*w - w + f, -3*w + 258 = -5*f. What is the remainder when w is divided by (-3)/((-162)/927) + 1/(-6)?
6
Let x = -6204 + 6240. What is the remainder when 699 is divided by x?
15
Calculate the remainder when (3/(-24) - 0) + 117495/120 is divided by 53.
25
Suppose 1305 = -49*b + 31. Calculate the remainder when 119 is divided by b/(-2) + (0 + 4 - 9).
7
Suppose 572 = 134*k - 90*k. Calculate the remainder when k is divided by 4.
1
Suppose 5*i + 2872 + 695 = h, 5*h = -i + 17835. Calculate the remainder when h is divided by 51.
48
Calculate the remainder when 188 is divided by 5451/158 + (-3)/2.
23
Suppose -75*h = -76*h + 258. Let u = h + -236. What is the remainder when 26 is divided by u?
4
Let p(y) = -1 + 58 - 7*y - 6 + 20. Calculate the remainder when p(8) is divided by 7.
1
Let v(b) = 2*b**3 - 37*b**2 - 57*b - 311. Calculate the remainder when v(21) is divided by 24.
1
Let k = -13997 + 15590. Calculate the remainder when 1605 is divided by k.
12
Let j(u) = 4*u**2 + 25*u - 145. Calculate the remainder when 6505 is divided by j(4).
7
What is the remainder when 332 is divided by 98/(-4)*(-34)/833*14?
10
Let z = -782 + 141. Let g = z - -662. Suppose 3*n = -5*p + 238, 5*n - 220 = 2*n + 4*p. Calculate the remainder when n is divided by g.
13
Suppose 114 = 2*a - 4*c, 46*a - 44*a + 4*c - 98 = 0. What is the remainder when 435 is divided by a?
11
Let p be 18/4*(4 + (-66)/11). What is the remainder when (((-5124)/p)/14)/((-1)/(-3)) is divided by 42?
38
Suppose 56 = -2*a - 2*c + 348, a + 4*c = 128. Let y = 0 - -4. Calculate the remainder when a is divided by 132/15*10/y.
20
Let x be (2/4)/((-31)/(-124)). Suppose g + 336 = 5*g + w, x*g + 3*w = 168. Calculate the remainder when 265 is divided by g.
13
Let s(u) = -u**3 - 8*u**2 - u - 6. Let v be (-3)/6 + (-4)/8. Calculate the remainder when -1*(-4 - -2) - v is divided by s(-8).
1
Suppose 3*q - 210 - 39 = 0. Let w be (-8724)/78 - 4/26. Calculate the remainder when q is divided by (w/12)/(6/(-9)).
13
Suppose 0 = 90*d + 34*d - 1612. What is the remainder when 26 is divided by d?
0
Let p(j) = -27*j - 5. What is the remainder when 910 is divided by p(-3)?
74
Suppose -2*g + 30 = g. Let a = 36 - g. Let z(f) = -f**3 - 24*f**2 - 71*f - 41. Calculate the remainder when z(-21) is divided by a.
23
Let t = 0 + 4. Suppose -6*z - t*z = -5*z. Suppose -11 = -3*k + h - 3*h, z = 2*k - 3*h - 16. What is the remainder when 43 is divided by k?
3
Let g = -2214 - -1514. Let r = g - -771. Calculate the remainder when r is divided by 38.
33
Let t = 27 - 98. Let k be (-139)/(-1) - 600/50. Let p = t + k. Calculate the remainder when p is divided by 29.
27
Suppose -5*z + 38 = 3*r - 55, 2*z + 186 = 5*r. Suppose 2*a = -o + 216, 5*a - 533 = 75*o - 74*o. What is the remainder when a is divided by r?
35
Let f(x) be the third derivative of x**4/12 - x**3/3 + 36*x**2. Calculate the remainder when 29 is divided by f(5).
5
Let m(z) = -z**2 - 150*z - 1649. Let k(u) = 2*u**2 - 3*u - 4. Let b be k(-5). What is the remainder when 2/(-6) - b/(-3) is divided by m(-138)?
6
Let r(m) = -50*m - 409. Let u be r(-9). Suppose u*i + 495 = 56*i. Let t = 5 + 1. Calculate the remainder when i is divided by t.
3
Suppose 4*t - 32 = -2*b + 56, 4*t - 92 = -3*b. Suppose 9*c = 6*c + 534. Calculate the remainder when c is divided by t.
18
Let u = -64 - -209. Calculate the remainder when 508 is divided by u.
73
Suppose -j = -5*j - w + 643, 0 = -2*w + 6. Let o(s) = 3053*s + 21404. What is the remainder when j is divided by o(-7)?
28
Suppose 5*d = 2*q + 1344, 123*d - 118*d - 1358 = 4*q. Calculate the remainder when 3184 is divided by d.
258
Suppose b = 3*s + 124, -2*b - 5*s = -s - 288. Suppose -4632 + 3182 + 30808 = 699*r. What is the remainder when b is divided by r?
10
Let u = 1062 + -587. Let v = -459 + u